it of a?
0
Let l(n) be the second derivative of -1/3*n**4 + 3*n + 1/20*n**5 - 2/3*n**3 + 0 - 1/2*n**2. What is the units digit of l(5)?
4
Suppose -3*z - 15 = -3*v, 2*z + z = -4*v + 6. Let j be 85918/(-42) + 1/(-3). What is the units digit of j/(-44)*4/v?
2
Suppose u - 6*u = -15. Suppose -3*f = -2*i + f + 28, -37 = -u*i + 5*f. Suppose 5*m = i*b - 111, -5*b = -10*b - 4*m + 108. What is the tens digit of b?
2
Suppose -41*j = -36*j - 6585. What is the thousands digit of j?
1
Suppose -104*g + 127*g - 2277 = 0. What is the tens digit of g?
9
Let z(v) = -7 - 12 - v**2 + 1 + 15*v. Suppose -331 + 110 = -17*p. What is the units digit of z(p)?
8
Let k be (-11 - -12)*(-1 - 0). What is the units digit of (-618)/(-18) - k/(-3)?
4
Let j be -1 - -9 - (1 + 2). Suppose -d = j*w - 51 - 84, -4*d - 3*w + 557 = 0. What is the hundreds digit of d?
1
Let l(s) = -s**3 + 14*s**2 + 21*s - 8. Let g be (-26)/(-195) - (-223)/15. Suppose g*m - 15 = 14*m. What is the units digit of l(m)?
2
Let y be -3 - -280 - (3 + 1). Suppose 16*w - y = 13*w. What is the units digit of w?
1
Suppose -14*d + 15*d = 231. Suppose -5*o = -4*w - 0*o + d, 251 = 4*w - o. What is the units digit of w?
4
Let m = -2 + -17. Let f be (-840)/(-45)*(-15)/10. Let d = m - f. What is the units digit of d?
9
Suppose -25 = 5*p - 0*p. Let h be ((-180)/35 - -4)*-7. Let i = p + h. What is the units digit of i?
3
Let r(t) = 36*t**3 - 5*t - 1. Let f(d) = 109*d**3 - 14*d - 3. Suppose -3*u - 85 = 2*u. Let k(w) = u*r(w) + 6*f(w). What is the tens digit of k(1)?
4
Let i = 14 + -12. Suppose 2*a - i = 2. Suppose a*z = 3*z - 2. What is the units digit of z?
2
Let s = 85 + -20. What is the units digit of s?
5
Let l(h) = 236*h**3 + h**2 - h. Let y be l(1). Suppose 3*z = 7*z - y. What is the tens digit of z?
5
Suppose a - 2121 = -5*b, -4*b + 6*b - 2*a - 858 = 0. What is the hundreds digit of b?
4
Let y(f) = -311*f + 78. What is the hundreds digit of y(-3)?
0
Suppose 4*c + t = 12, 16 = 2*c + t - 3*t. Suppose 3*a + a + c*o = 660, 166 = a + 2*o. What is the hundreds digit of a?
1
Let q = -427 + 672. What is the tens digit of q?
4
Suppose -y - 11 + 21 = 0. Let x be 6/y - 1356/(-15). Let p = x + -49. What is the tens digit of p?
4
Let o be (4*-9 - 4)*-4. Suppose 3*x + 76 = q, q - o = -q + 2*x. Suppose 3*c = -5*d + 89, -d - q = -5*d + 3*c. What is the units digit of d?
9
Suppose 7*n - 6 = -69. Let f(u) be the second derivative of -u**5/20 - 7*u**4/12 + 7*u**3/3 + 6*u**2 - u. What is the units digit of f(n)?
8
Let x(k) = -k**2 + 6*k - 1. Let j be x(5). Let u = 5 - 2. Suppose -68 = -4*d + 2*s, u*d - 50 = 5*s - j*s. What is the tens digit of d?
1
Let u be 1 - (-3 - -2 - 23). Let d(h) = -h**2 + 9*h - 26. Let y be d(7). Let s = y + u. What is the units digit of s?
3
Let c be (-2)/(-9) + (-7)/(-9). Let g(n) = 2 + 11 + 16*n + 6 - 18. What is the tens digit of g(c)?
1
Suppose -8*d - 2930 = -13*d. What is the tens digit of d?
8
What is the tens digit of ((-2)/(-4))/((-12)/(-18696))?
7
Let i = -7 + 11. Suppose -c - 24 - 20 = -i*h, c + 8 = h. Suppose -5*q + h - 2 = 0. What is the units digit of q?
2
Let l = 4769 - 2005. What is the tens digit of l?
6
Let m(g) be the first derivative of g**5/20 - g**4/12 - g**3/2 - 11*g**2/2 + 11. Let s(r) be the second derivative of m(r). What is the tens digit of s(4)?
3
Let p be -1 + 3 + (-2 - -1). Let q be -1 + ((-8)/2 - -2). What is the units digit of (3/q)/p*-10?
0
Let r(k) = k**3 - 21*k**2 - 3*k + 55. Let c be r(21). Let h(f) = -4 - 3*f**2 + 5*f - f**3 - 3*f**2 + 4*f. What is the tens digit of h(c)?
5
Let f = -64 - -37. Let q = -8 - f. What is the units digit of q?
9
Suppose -3*k - 1228 = 4*q - 3755, -2*q + k + 1261 = 0. What is the units digit of q?
1
Let m = 2 - 33. Let r(a) = -a**3 - 7*a**2 - 7*a - 6. Let z be r(-5). Let l = z - m. What is the units digit of l?
0
Suppose k - 1487 = -w, 5*k = -14*w + 12*w + 2959. What is the thousands digit of w?
1
What is the units digit of (-13)/((-65)/(-990))*-2?
6
Suppose 2011 = 17*g - 3735. What is the tens digit of g?
3
Suppose 5*j + 244 = 3*o - 0*o, 4*j - 226 = -3*o. Suppose -x + 317 = 3*n, -x - 21 - o = -n. What is the hundreds digit of n?
1
What is the units digit of (60/48)/((-2)/(-872))?
5
Let h(x) be the first derivative of 2*x - 11 + 1/2*x**2. What is the units digit of h(9)?
1
Suppose 8699 = 3*v - 493. What is the units digit of ((-2)/5)/(3 + v/(-1020))?
2
What is the tens digit of (-247)/((-3)/(-12)*-2)?
9
Let d = -2615 + 4573. What is the tens digit of (-6)/(-60) - d/(-20)?
9
Let p(s) be the second derivative of 0 - 2*s**3 - 2*s - 3/2*s**2. What is the tens digit of p(-4)?
4
What is the thousands digit of ((-458)/4)/(-9*16/4896)?
3
Suppose -4*q + 575 = 5*a, a - 435 = -3*q - 2*a. Suppose -5*k + 90 = -q. Suppose s - k = -3*s. What is the units digit of s?
2
What is the tens digit of (-119)/(-2)*-9*1044/(-189)?
5
Let n(o) = -5*o**2 - 5*o - 9. Let g be n(-2). Let s = g - -88. What is the tens digit of s?
6
Let p be 5/(-10) + 2/4. What is the units digit of (6 + p)*(-38)/15*-5?
6
Let t(f) = 2*f + 1. Let q be t(6). Suppose -q*a = -11*a - 436. What is the units digit of a?
8
Let a be 3/((-9)/150*-2). Let z = 194 - a. What is the units digit of z?
9
Let h(p) be the first derivative of -p**3/3 + 13*p**2 + 15*p + 17. What is the tens digit of h(20)?
3
Let s(f) = 14*f + 5. Let u be s(6). Suppose -2*h + u = -3*x - 56, -h + 230 = -5*x. Let o = x - -68. What is the tens digit of o?
2
Let u = 73 - 71. Suppose 0 = u*y + 2*q - 200, 5*y - 3*q = 567 - 75. What is the units digit of y?
9
What is the tens digit of 1365/5 - (-27)/(-9)?
7
Suppose 43*u - 39*u - 11180 = 0. Suppose u = -2*i + 15*i. What is the tens digit of i?
1
Suppose v - 232 = -2*g + 3*v, 12 = 3*v. Suppose -558 - g = -6*u. What is the tens digit of u?
1
Suppose j + 31 = -0*j. Let k be -2 + (4 - (j - 2)). Suppose 4*g - 119 = -k. What is the units digit of g?
1
Suppose 3*c - 4*c = -35. What is the tens digit of 1869/c + (2/(-5) - 0)?
5
Suppose 4*t - 2634 = -5*l - 867, -t = 5*l - 423. What is the hundreds digit of t?
4
Let g be (-33224)/(-26) - (-30)/195. Suppose l - 1563 = -4*x - 288, -4*x + 2*l = -g. What is the hundreds digit of x?
3
Let y(j) = -3*j + 17. Let v be y(8). What is the units digit of 9/(-21) - 87/v?
2
Let v(z) = 533*z**2 + 13*z + 1. Let s(c) = -355*c**2 - 9*c - 1. Let a(u) = 7*s(u) + 5*v(u). Let w be a(1). What is the tens digit of -6*(w/(-8))/3?
4
Let u = -26 + 29. Suppose -5 = -d + u*l, -4*d + 28 = 3*l - 22. What is the units digit of d?
1
Let n = 27 + -27. Suppose -a - 2*a - 2*f + 338 = 0, -2*a - 2*f + 222 = n. What is the units digit of a?
6
Let o(s) = -s**3 + 15*s**2 - 9*s + 15. What is the tens digit of o(12)?
3
Suppose 0 = -4*j - 2*a + 2, -5*j + 0*j + 30 = -3*a. Suppose -5 = -x - j*h, -3*x = -7*x + 3*h + 80. Suppose 31 + x = 4*f. What is the units digit of f?
2
Let p = -36 + 51. Let c(g) = 5*g - p*g + g**2 - 2*g**2. What is the units digit of c(-5)?
5
Let m(d) = 6*d**2 - 26*d + 36. What is the tens digit of m(-6)?
0
Suppose -3*d + 4062 = i, -2*i - d - 3195 = -11309. What is the thousands digit of i?
4
Let j be (-2)/4 - (-77)/14. Suppose 341 = 5*h + 3*y, -h - j*y + 55 = -0*h. What is the units digit of h?
0
Let x = -40 + 68. Let s = 6 - x. Let n = 78 + s. What is the units digit of n?
6
Suppose -12*s - 5*h = -9*s - 4573, 4*h + 4555 = 3*s. What is the hundreds digit of s?
5
Suppose -3*o + l + 42 = 0, -l - l = 0. Suppose -5 = -b, -5*b - 123 = -5*g + 2. Let c = g - o. What is the units digit of c?
6
What is the units digit of 6204/18 - 6/9?
4
Let i be (16/(-6))/(-2)*129. Let c = i + -106. What is the units digit of c?
6
What is the units digit of ((-5)/(-3))/(-6 + 114/18)?
5
Let y = 595 - -925. What is the units digit of y?
0
Suppose -3*v = 3*r - 87453, 87445 = 3*v - 3*r - 2*r. Suppose -10*j + 5*j = v. What is the tens digit of j/(-121) - (-4)/(-22)?
4
Suppose 146 = 485*m - 484*m. What is the hundreds digit of m?
1
Suppose -3*o + 451 = -467. What is the hundreds digit of (11 + -18 - (-4 - 0)) + o?
3
Let p(t) = t. Let n(w) = -2*w**2 - w. Let c(i) = -n(i) - 4*p(i). What is the units digit of c(3)?
9
Let m be (1/(-3))/((-4)/72). Suppose 3*o = m*o - 6. Suppose -o*p - 24 = -6*p. What is the units digit of p?
6
Let a(i) = i**2 + 14*i - 13. Let g be a(-15). Suppose 4*r = -g*z + 7*z + 10, z + r